 - 16 = n. Let b be m(n). Calculate the greatest common divisor of b and 5.
5
Let a(o) = 304*o**2 - o - 9. Let k be a(-2). Calculate the greatest common divisor of 39 and k.
39
Let i(a) = 3*a**2 + 26*a + 194. Let n be i(-24). Calculate the highest common divisor of n and 33.
11
Let u(v) = v**3 + 16*v**2 - 65. Let b be u(-15). What is the highest common divisor of 32 and b?
32
Let l(z) = 16*z + 316. Let w be l(-13). Calculate the greatest common factor of w and 60.
12
Let j be (-208)/(-39)*(-75)/(-20). What is the highest common factor of 940 and j?
20
Suppose -52 = -3*g + 11. Let j = -11 + g. Calculate the highest common factor of j and 2.
2
Suppose -4*c + 908 = -4*r, -4 = 4*r - 24. Let y(f) = 3*f**3 - 8*f**2 - 2*f + 2. Let n be y(4). Calculate the greatest common factor of n and c.
58
Let c(u) = -6*u. Let k be c(3). Let i = 18 + k. Suppose -5 = o, -2*w - o = -i*w - 43. What is the highest common factor of w and 16?
8
Let r(m) = -2*m - 36 - m**2 + 37 + 6*m. Let f be r(2). Suppose 0*n - f*n = -10. What is the highest common factor of 6 and n?
2
Suppose -46*g = -57*g + 88. Let i = -44 - -22. Let m = i - -54. Calculate the highest common factor of m and g.
8
Let h = -1120 - -1357. Calculate the highest common factor of h and 3.
3
Let u be 816/15 - (-10)/(-25). Let l = u - 53. What is the greatest common factor of l and 29?
1
Let x be (6/(-9))/(4/(-36)). Let p be 6/(-3*(-3)/x). Suppose -221 = -p*h - 85. What is the greatest common factor of 85 and h?
17
Let m(g) be the third derivative of -g**5/60 - g**4/4 - 2*g**3/3 + 7*g**2. Let i be m(-5). Calculate the highest common divisor of 29 and i.
1
Let x be 92/28 - 3 - 358241/(-91). Calculate the greatest common divisor of x and 31.
31
Let g be 4/14 + 1552/56. Let h = 31 - g. Suppose -5*p + 2*q + 66 = 0, -q + h*q + 24 = 2*p. Calculate the greatest common factor of 56 and p.
14
Let i be (-13)/((-39)/132) - (1 - -1). What is the greatest common factor of 54 and i?
6
Let j be (1 - (13 - 2))/(-2). Suppose -j*g - 4*i = -10, 2*g + i - 2*i - 4 = 0. Calculate the highest common divisor of g and 2.
2
Suppose -3*b + 27 = 2*w, -2*b = 4*w - 9*w - 37. Let l be 9/6*(-1 + b). What is the greatest common divisor of 6 and l?
3
Let h = 3026 + -1506. What is the highest common factor of h and 95?
95
Let f = -17 - -31. Suppose -z - 378 = -4*z. Calculate the highest common divisor of z and f.
14
Let k be (5 + 0)*((-28)/20 - 1). Let b = 47 + k. Calculate the highest common factor of b and 7.
7
Suppose 15*n = 10*n - 30. Let h be (-428)/n + 4/6. What is the greatest common factor of h and 9?
9
Let s(r) = -r**2 + 2*r - 4. Let y be s(0). Let x = 52 + y. What is the highest common divisor of x and 6?
6
Let f(m) = -m**2 + 17*m - 19. Let x be f(16). Let p be ((-77)/x - -1)/(1/3). Calculate the highest common divisor of 16 and p.
16
Let o(s) = -s + 18. Let g be o(0). Suppose 2*u + j = 9, -j + 2*j = 2*u - 11. Suppose -l = -u*l + 288. What is the greatest common divisor of l and g?
18
Suppose 1121 = 20*r + 341. What is the greatest common divisor of 3 and r?
3
Let p = 106 + -74. Suppose 3*a + p = 5*a. What is the highest common factor of a and 16?
16
Let r = -220 - -222. Calculate the greatest common divisor of 5 and r.
1
Suppose -2*z - 3*m = 61, -2*m + m - 137 = 4*z. Let f = z - -59. Let t = 35 + -11. What is the highest common divisor of f and t?
24
Suppose h - 108 = -0*s - 3*s, h = -s + 110. Let r = 153 - h. Calculate the highest common divisor of 28 and r.
14
Suppose 11*q = 237 + 38. Calculate the highest common divisor of 50 and q.
25
Let w = 62 + -42. Let d(i) = -i**3 - 2*i**2 - i + 3. Let a be d(-2). What is the greatest common factor of w and a?
5
Let l be 52 + -51 + 2*(-6)/(-4). Let f be ((-44)/(-24)*-3)/((-1)/l). Let a be 35 - (-5)/((-5)/2). Calculate the greatest common factor of a and f.
11
Suppose 0 = 4*u - 97 - 183. Calculate the greatest common factor of 210 and u.
70
Let b = -865 + 998. Calculate the highest common factor of b and 1064.
133
Let m = -1202 + 1314. Let z be (-48)/10*(-20)/6. What is the highest common factor of m and z?
16
Suppose -5*c = 27 - 92. Let v = c - -14. Calculate the greatest common factor of v and 81.
27
Suppose o - 108 - 315 = 0. What is the greatest common factor of 9 and o?
9
Let s(b) = 3*b**3 - 3*b**2 - 3*b - 2. Let i be s(4). Let k = -31 + i. Calculate the highest common divisor of 9 and k.
9
Suppose -20*o + 15 = -15*o. Suppose 0 = -o*g + 7 + 11. Let v(q) = -q**3 + 6*q**2 + 9*q - 4. Let h be v(g). What is the greatest common factor of 20 and h?
10
Let n = -8 + 31. Let m(v) = 3*v**3 + 4*v**2 - 2*v + 5. Let d be m(4). What is the greatest common factor of d and n?
23
Let u = -13 + 6. Let m(i) be the second derivative of i**3/6 + 17*i**2/2 + 33*i. Let a be m(u). Calculate the highest common factor of 2 and a.
2
Let p be 10/(-15) + 382/6. Let y = -1226 - -1247. What is the highest common divisor of y and p?
21
Let v(i) = -i**2 + 13*i - 32. Let x be v(5). Suppose 4*d - x = 0, 5*d - 60 = -w - w. Calculate the highest common factor of w and 5.
5
Let d = 922 + -916. Calculate the greatest common divisor of d and 16.
2
Let x be (1 - (-14)/(-6))*462/(-308). Calculate the highest common divisor of x and 50.
2
Suppose 4*o = 5*u - 51, 2*u + 5*o = u - 13. Calculate the greatest common factor of u and 63.
7
Let q = -986 - -1098. Let w(z) = -z**3 + 5*z + 4. Let m be w(-3). What is the highest common factor of q and m?
16
Let f be (72/(-16))/((-3)/(-4)). Let k be (f - -11) + (-2 - 1). What is the highest common divisor of k and 6?
2
Let n(p) = 4*p - 20. Let m be n(6). Let a(z) be the second derivative of 2*z**3/3 - 3*z**2 - z. Let t be a(m). Calculate the greatest common factor of t and 15.
5
Suppose 4*k - 11 = 97. Let o = 84 - k. Let a be (-1 - -3)*19/2. Calculate the highest common factor of a and o.
19
Let k be (-34*1/(-1))/(62/279). Calculate the highest common divisor of 3 and k.
3
Suppose -47*v + 26*v + 294 = 0. Calculate the highest common divisor of v and 938.
14
Let v be ((-2)/(-4))/((-7)/(-42)). Suppose -3*d = 3*p - 18, -v*d + 30 = 2*d - 3*p. Calculate the greatest common factor of 15 and d.
3
Let i be 6/(-15) + 1968/(-30). Let b = 99 + i. What is the highest common divisor of 132 and b?
33
Let o = -3700 - -3763. Suppose 0 = x - c - 14, 3*x + 0*c - 46 = 2*c. What is the highest common factor of x and o?
9
Suppose 0 = 5*a + 10, -3*m + 0*a = 2*a - 140. Calculate the greatest common factor of 60 and m.
12
Suppose 0 = -2*j + 2*k - 6*k + 1064, -2*k - 1034 = -2*j. What is the greatest common factor of j and 36?
18
Let c = -2521 - -2550. What is the greatest common divisor of 4089 and c?
29
Suppose -4*f + 8 = -8, -5*g + 102 = -2*f. What is the greatest common divisor of g and 11?
11
Let a be (2/4)/(2/40). Let g(k) = 5*k**2 + 46*k + 107. Let i be g(-7). What is the highest common factor of i and a?
10
Let m be (-5 + 2)/(24/(-224)). Calculate the highest common factor of m and 14.
14
Suppose 5*q = 4*f + 102, -2*q - 4*f + 0*f + 24 = 0. Suppose -6*z = 30 + q. Let m be 2*(4 + 20/z). What is the greatest common factor of 6 and m?
3
Let r be (6/(-5))/((-1)/5). Suppose -30*f = 151 - 691. What is the highest common factor of r and f?
6
Let c be (-1)/8 + 3/24. Suppose -20*j + 25*j - 70 = c. Calculate the highest common divisor of 98 and j.
14
Suppose 3*o - 4*t - 22 = 0, 0 = 2*o - 6*o + 4*t + 24. Suppose 157 = 4*n + 2*m - 333, 10 = o*m. What is the greatest common divisor of 15 and n?
15
Let w be 40/(-8)*-1 - (0 + -25). What is the highest common factor of 520 and w?
10
Let a(r) = 47*r - 300. Let c be a(23). Calculate the highest common divisor of c and 71.
71
Let f(p) = -13*p + 9. Suppose -9 = 3*j - 2*j. Let y be f(j). Let c = -597 - -611. What is the highest common factor of y and c?
14
Let i(m) = -m**2 + 5*m + 3. Let t be i(4). Suppose 2*h + 3 - t = 0. Let p be (-10 + 2)*(-4)/h. Calculate the greatest common divisor of p and 16.
16
Suppose 4*y + 4*j - 196 = 0, -9*j + 11*j = 5*y - 238. What is the highest common divisor of y and 64?
16
Let n be 5/4 - (-2983)/(-76). Let p = n - -150. Suppose q = 3*i - 3*q - 22, 3*i = -3*q + 57. Calculate the greatest common divisor of i and p.
14
Suppose 0 = 3*o - 3*p - p + 1267, 0 = 3*p - 3. Let n = o + 708. Calculate the greatest common factor of n and 41.
41
Let k(m) = m